et z(b) = b + 9. What is the remainder when i is divided by z(0)?
6
Suppose -3*m + 30 = 2*m. Suppose r + 35 = m*r. What is the remainder when 18 is divided by r?
4
Suppose -2*r - 6 = -5*r, m = 4*r + 198. What is the remainder when m is divided by 36?
26
Suppose 128 - 368 = -20*i. Calculate the remainder when 18 is divided by i.
6
Let s = 373 + -224. Calculate the remainder when s is divided by 5.
4
Suppose 0 = 61*o - 39*o - 1012. What is the remainder when 546 is divided by o?
40
Let h(f) = f**3 + 30*f**2 - 28*f + 96. Calculate the remainder when 220 is divided by h(-31).
1
Let y = 28 + -34. Let v be ((-4)/y)/(5/240). Suppose -3*f = -a - 44, -5*f - a + 36 = -v. What is the remainder when 54 is divided by f?
12
Suppose 0 = -6*k + 3205 - 853. What is the remainder when (k/10)/(24/60) is divided by 25?
23
Let f = 336 + -283. Suppose -6*a + 5*a = -18. What is the remainder when f is divided by a?
17
Suppose 6*j = -11*j + 612. Suppose -5*c + 2*c + 2*u + 42 = 0, -3*u = -5*c + 70. Calculate the remainder when j is divided by c.
8
Suppose -v - 4*v + 65 = 0. Suppose 15*l = 98*l - 11*l - 6336. What is the remainder when l is divided by v?
10
Let b = -37 - 63. Let o = -70 - b. Let j = o + -13. Calculate the remainder when 50 is divided by j.
16
Suppose 34*u - 49306 = -55*u. Calculate the remainder when u is divided by 5.
4
Let a(t) = -3*t + 35. Calculate the remainder when a(11) is divided by 1.
0
Let v(f) = -2*f**2 + 8*f + f**2 - f**3 - 2*f**2 + 9. What is the remainder when v(-5) is divided by 12?
7
Let h = 3 - -2. Suppose n + 1 = 2*n. Calculate the remainder when (-112)/(-6) + n/3 is divided by h.
4
Suppose -3*x + 4*x + 2 = p, 3*p + 2*x = 26. Suppose 0 = 9*d - p*d - 36. What is the remainder when (-3)/d - (-29)/4 is divided by 5?
2
Suppose 0 = -5*k - 0*k - 5. What is the remainder when (-4)/22 - (-460)/(-253) - -28 is divided by (-4 - -1)*(k + -2)?
8
What is the remainder when 458 is divided by 61 + -2*(-40)/(-8)?
50
Let p(z) = z**3 - z**2 - 3*z + 4. Calculate the remainder when p(3) is divided by 9.
4
Suppose 3*d + 29 = 2*p - 2*d, -20 = 4*d. Suppose 10 = -5*j, 4*o + 5*j - 10 = p*j. Let h = 22 + -12. Calculate the remainder when h is divided by o.
2
Let u be 2/8 + (-209)/(-44). Suppose x + 2*v - u*v - 185 = 0, 3*x - 565 = -v. Suppose s + x = 5*s. What is the remainder when s is divided by 17?
13
Let o(k) = -7 + 12 - k + 5 + k**2. What is the remainder when o(-6) is divided by 18?
16
Suppose -3*i + 96 + 132 = 0. Suppose 4*k - 4*g + i = 6*k, 0 = -g. What is the remainder when k is divided by 10?
8
Suppose -5*j + 5490 = -5*u, 2*j - u + 5*u = 2190. What is the remainder when j is divided by 44?
41
Let j = -1919 + 2104. What is the remainder when j is divided by 75?
35
Let a be 308/(-66) - -3*4/(-9). Let b(n) = 2*n**2 + 12. Calculate the remainder when b(a) is divided by 30.
24
Let i be -3*6 + (-4 - -12 - 5). Calculate the remainder when (-2)/4*i/(105/518) is divided by 8.
5
Let h(a) = -250*a + 40. Calculate the remainder when h(-2) is divided by 92.
80
Let r be (2/5)/(1/5). Let i be 7 - r/2*3. Suppose i*d - 5*h - 102 = 0, -d - h + 27 + 3 = 0. What is the remainder when d is divided by 15?
13
Let w be (-6)/((-16)/6 - -2). Let j = w + -4. Suppose -4*s - 54 = -3*q, -4*s = 4*q - s - 72. What is the remainder when q is divided by j?
3
Suppose -8 + 2 = -2*t, -18 = -3*j - 3*t. Let x = j - -4. Suppose 2*b = -0*b + 50. Calculate the remainder when b is divided by x.
4
Calculate the remainder when 142 is divided by ((-12)/(-7))/(-5*(-2)/70).
10
Suppose 0 = -2*j - k - 26, 37 = -3*j - 4*k - 7. Calculate the remainder when 5 + -2 - (-44 - 3) is divided by 82/6 + 8/j.
11
Suppose -h - 4 = -7. Suppose -4*p = -3*p - 15. Let g = p - 8. What is the remainder when g is divided by h?
1
Suppose 2*s = -8*m + 6*m + 22, -3*m + 9 = s. What is the remainder when 57 is divided by s?
9
Suppose -9 = 6*l - 39. Suppose l*d - x = 243, 0 = d - x - 0*x - 47. What is the remainder when d is divided by 2*9 - (3 - 2)?
15
Suppose 0 = -3*o - 2*o - 4*j + 374, -4*o + j = -316. Let b = -66 + o. Calculate the remainder when 30 is divided by b.
6
Let a = -583 - -594. What is the remainder when 155 is divided by a?
1
Suppose -242*q = -246*q + 1368. What is the remainder when q is divided by 8?
6
Let c(s) = 2*s**2 + 2*s - 112. Let x be c(0). Let d = 124 + x. What is the remainder when 59 is divided by d?
11
Suppose 8*a - 33*a + 2075 = 0. Calculate the remainder when a is divided by 22.
17
Let m(s) = s**2 + 72*s - 1608. Suppose -3*f = -6*f. What is the remainder when 21/1 - f/3 is divided by m(-90)?
9
Let s = 617 + -390. What is the remainder when s is divided by 29?
24
Let j(y) = 6*y**2 - 20*y - 2. Calculate the remainder when j(5) is divided by 31.
17
Let l = 1284 - 837. Calculate the remainder when l is divided by 16.
15
Let y(o) = 6*o**2 + 41*o - 18. Calculate the remainder when y(3) is divided by 54.
51
Let h = 8 - 5. Suppose -5 - 9 = -7*g. Suppose -60 = -h*o - g*o. What is the remainder when 21 is divided by o?
9
Suppose 3*i = 3*g + 5*i + 37, -4*i = 5*g + 63. Let z = 14 + g. Suppose 1 - 2 = a + z*l, -4*l = 8. What is the remainder when 17 is divided by a?
2
Let v(m) = -m**2 + m + 7. Suppose y - 48 = -32. Suppose 0 = -12*x + y*x - 16. Calculate the remainder when v(0) is divided by x.
3
Suppose -4*y - 38 = -4*b + 38, -4*b = -y - 70. Calculate the remainder when 65 is divided by b.
14
Let t = -31 - -33. Let g(u) = 3*u + 0 + 0 + 9*u**2 - 1. Calculate the remainder when g(t) is divided by 14.
13
Let g(w) = 4*w**3 - 3*w**2 - 2*w + 5. Calculate the remainder when 80 is divided by g(2).
17
Let o = 9 + 5. What is the remainder when 32 is divided by -1 - 4/2 - (o + -26)?
5
Let r = -8 - -68. Let p(o) = 5*o**2 - 19*o + 3. What is the remainder when r is divided by p(4)?
4
Let g = 18 + -7. Let c = -81 + 102. Calculate the remainder when c is divided by g.
10
Let v(m) = -5*m + 5. Suppose 0 = 5*s + 4*i - 33, -5*s + 4*s + 3 = -i. Calculate the remainder when v(-2) is divided by s.
0
Suppose 0 = -3*x + s + 23, 3*x + 2*s - 29 = 6*s. Let v(q) = x*q - 11*q**2 + q**3 + 4 + 3*q**2 + 2 - 3. What is the remainder when v(7) is divided by 3?
0
Suppose 2*q - 23 = 5*p, -q - 2*p + 0 = 2. Suppose 2*j - 6*z + z = 12, -5*j + 4*z = -30. What is the remainder when j is divided by q?
2
Let d(w) = 3*w**3 + 24*w**2 - w - 3. What is the remainder when (-2)/(-3) - 170/(-6) is divided by d(-8)?
4
Let w be 16/(-2*1) - -2. Suppose -5*u - 2*s + 112 = -81, 53 = u + 4*s. Calculate the remainder when u is divided by 6*(-8)/w + 2.
7
Suppose -3 - 11 = -4*j + 2*d, 28 = 3*j - 5*d. What is the remainder when 45 is divided by 16 + (-2 - (j + 1))?
9
Let x = 311 + -308. Calculate the remainder when 4/(-18) + (-364)/(-18) is divided by x.
2
Suppose -2*q + 28*y + 786 = 26*y, -4*q + 3*y = -1572. What is the remainder when q is divided by 66?
63
Suppose 3*x + 16 = 32*j - 30*j, -2*j - 3*x + 40 = 0. Calculate the remainder when 66 is divided by j.
10
Let y be 2 - ((-1371)/(-9) - (-4)/(-3)). Let v = -82 - y. Calculate the remainder when v is divided by 34.
33
Let n = 76 - 53. Let v = 1301 + -1293. Calculate the remainder when n is divided by v.
7
Let w = 1014 - 1002. Let l(t) = -t**3 - 4*t**2 - 7*t - 5. Calculate the remainder when l(-4) is divided by w.
11
Let h(d) = -d**3 + 7*d**2 + 6*d + 27. Calculate the remainder when h(7) is divided by 35.
34
Let y(f) = f**3 - 2*f**2 - 5*f + 6. Let o = -34 + 33. Let k be (2 + 0)/(o/(-2)). What is the remainder when 89 is divided by y(k)?
17
Let j(o) = -18*o - 48. Calculate the remainder when j(-16) is divided by 125.
115
Suppose 2*u + 3*b = 20 + 6, -3*u = b - 39. Suppose 110 = 11*t - 297. Calculate the remainder when t is divided by u.
11
Suppose 4736 = -2*j + 4816. Calculate the remainder when 917 is divided by j.
37
Suppose -7*w = w - 232. Suppose 2*q = -11 + w. What is the remainder when 17 is divided by q?
8
Let x = -148 - -312. What is the remainder when (x/(-3))/((-2)/3) is divided by 21?
19
Let i(d) = -14*d**2 + 2*d - 5. Let k(h) = 29*h**2 - 5*h + 11. Let m(y) = -5*i(y) - 2*k(y). Calculate the remainder when m(2) is divided by 13.
12
Suppose 10*t + 486 = 28*t. Calculate the remainder when 51 is divided by t.
24
Let j(h) be the second derivative of h**4/12 - h**3/6 + 2*h**2 + 9*h. Calculate the remainder 